{"id":785,"date":"2022-10-19T12:36:06","date_gmt":"2022-10-19T12:36:06","guid":{"rendered":"https:\/\/www.drnaturalist.com\/?page_id=785"},"modified":"2025-06-29T23:15:46","modified_gmt":"2025-06-29T23:15:46","slug":"cok-yakinda","status":"publish","type":"page","link":"https:\/\/www.drnaturalist.com\/index.php\/cok-yakinda\/","title":{"rendered":"Shea Ya\u011f\u0131"},"content":{"rendered":"\n<div class=\"wp-block-group\"><div class=\"wp-block-group__inner-container is-layout-constrained wp-block-group-is-layout-constrained\">\n<div class=\"wp-block-group\"><div class=\"wp-block-group__inner-container is-layout-constrained wp-block-group-is-layout-constrained\">\n<div class=\"wp-block-group\"><div class=\"wp-block-group__inner-container is-layout-constrained wp-block-group-is-layout-constrained\">\n<div class=\"wp-block-group\"><div class=\"wp-block-group__inner-container is-layout-constrained wp-block-group-is-layout-constrained\">\n<figure class=\"wp-block-gallery aligncenter has-nested-images columns-default is-cropped wp-block-gallery-1 is-layout-flex wp-block-gallery-is-layout-flex\">\n<figure class=\"wp-block-image size-large is-style-rounded\"><img loading=\"lazy\" decoding=\"async\" width=\"1024\" height=\"1024\" data-id=\"844\" src=\"https:\/\/www.drnaturalist.com\/wp-content\/uploads\/2025\/06\/DR.NATURALIST.PNG-FOTO-2-jpeg.jpg\" alt=\"\" class=\"wp-image-844\" srcset=\"https:\/\/www.drnaturalist.com\/wp-content\/uploads\/2025\/06\/DR.NATURALIST.PNG-FOTO-2-jpeg.jpg 1024w, https:\/\/www.drnaturalist.com\/wp-content\/uploads\/2025\/06\/DR.NATURALIST.PNG-FOTO-2-jpeg-300x300.jpg 300w, https:\/\/www.drnaturalist.com\/wp-content\/uploads\/2025\/06\/DR.NATURALIST.PNG-FOTO-2-jpeg-150x150.jpg 150w, https:\/\/www.drnaturalist.com\/wp-content\/uploads\/2025\/06\/DR.NATURALIST.PNG-FOTO-2-jpeg-768x768.jpg 768w, https:\/\/www.drnaturalist.com\/wp-content\/uploads\/2025\/06\/DR.NATURALIST.PNG-FOTO-2-jpeg-920x920.jpg 920w, https:\/\/www.drnaturalist.com\/wp-content\/uploads\/2025\/06\/DR.NATURALIST.PNG-FOTO-2-jpeg-575x575.jpg 575w, https:\/\/www.drnaturalist.com\/wp-content\/uploads\/2025\/06\/DR.NATURALIST.PNG-FOTO-2-jpeg-380x380.jpg 380w, https:\/\/www.drnaturalist.com\/wp-content\/uploads\/2025\/06\/DR.NATURALIST.PNG-FOTO-2-jpeg-420x420.jpg 420w, https:\/\/www.drnaturalist.com\/wp-content\/uploads\/2025\/06\/DR.NATURALIST.PNG-FOTO-2-jpeg-800x800.jpg 800w, https:\/\/www.drnaturalist.com\/wp-content\/uploads\/2025\/06\/DR.NATURALIST.PNG-FOTO-2-jpeg-100x100.jpg 100w\" sizes=\"auto, (max-width: 1024px) 100vw, 1024px\" \/><\/figure>\n<\/figure>\n<\/div><\/div>\n<\/div><\/div>\n<\/div><\/div>\n<\/div><\/div>\n\n\n\n<h2 class=\"wp-block-heading has-text-align-center\"><strong>Shea Ya\u011f\u0131<\/strong><\/h2>\n\n\n\n<p>Y\u00fczy\u0131llard\u0131r bu b\u00f6lgenin insanlar\u0131 taraf\u0131ndan cilt ve sa\u00e7 bak\u0131m\u0131nda kullan\u0131lan bu do\u011fal ya\u011f, g\u00fcn\u00fcm\u00fczde t\u00fcm d\u00fcnyada pop\u00fclerlik kazanmaktad\u0131r, hatta baz\u0131 Afrika \u00fclkelerinde yemek pi\u015firmede bile kullan\u0131lan bu mucizevi ya\u011f,&nbsp;<strong>\u201cHayat A\u011fac\u0131\u201d<\/strong>&nbsp;olarak da an\u0131l\u0131r.Shea ya\u011f\u0131, Bat\u0131 Afrika\u2019n\u0131n mucizevi a\u011fac\u0131&nbsp;<strong>karite (Butyrospermum parkii)<\/strong>&nbsp;a\u011fac\u0131n\u0131n de\u011ferli bir hediyesidir. Peki, shea ya\u011f\u0131n\u0131 bu kadar \u00f6zel k\u0131lan nedir ve nas\u0131l kullan\u0131l\u0131r? Gelin, bu do\u011fal g\u00fczellik iksirini yak\u0131ndan tan\u0131yal\u0131m.<\/p>\n\n\n\n<h3 class=\"wp-block-heading\">Shea A\u011fac\u0131n\u0131n Kalbinden Gelen \u015eifa: Shea Ya\u011f\u0131 Nas\u0131l Elde Edilir?<\/h3>\n\n\n\n<p>Shea ya\u011f\u0131, shea a\u011fac\u0131n\u0131n olgunla\u015fm\u0131\u015f meyvelerinin i\u00e7indeki f\u0131nd\u0131ks\u0131 \u00e7ekirdeklerden elde edilir. Geleneksel y\u00f6ntemlerle, bu \u00e7ekirdekler \u00f6\u011f\u00fct\u00fcl\u00fcr, kavrulur ve ard\u0131ndan su ile kaynat\u0131larak ya\u011f a\u00e7\u0131\u011fa \u00e7\u0131kar\u0131l\u0131r. Bu zahmetli s\u00fcre\u00e7, shea ya\u011f\u0131n\u0131n do\u011fal ve besleyici \u00f6zelliklerinin korunmas\u0131n\u0131 sa\u011flar. G\u00fcn\u00fcm\u00fczde modern y\u00f6ntemlerle de \u00fcretim yap\u0131lsa da, geleneksel y\u00f6ntemlerle elde edilen&nbsp;<strong>ham shea ya\u011f\u0131<\/strong>, i\u00e7eri\u011findeki vitamin ve mineraller a\u00e7\u0131s\u0131ndan daha zengindir. Ham shea ya\u011f\u0131, karakteristik hafif f\u0131nd\u0131ks\u0131 bir kokuya ve bej veya fildi\u015fi rengine sahiptir. Rafine edilmi\u015f shea ya\u011f\u0131 ise kokusu ve rengi giderilmi\u015f, daha p\u00fcr\u00fczs\u00fcz bir yap\u0131ya sahiptir ancak baz\u0131 besin de\u011ferlerini kaybedebilir.<\/p>\n\n\n\n<div class=\"wp-block-group\"><div class=\"wp-block-group__inner-container is-layout-constrained wp-block-group-is-layout-constrained\">\n<div class=\"wp-block-group alignwide\"><div class=\"wp-block-group__inner-container is-layout-constrained wp-block-group-is-layout-constrained\">\n<div class=\"wp-block-group alignfull\"><div class=\"wp-block-group__inner-container is-layout-constrained wp-block-group-is-layout-constrained\">\n<figure class=\"wp-block-image alignwide is-style-default\"><img loading=\"lazy\" decoding=\"async\" width=\"854\" height=\"936\" src=\"https:\/\/www.drnaturalist.com\/wp-content\/uploads\/2025\/06\/Sheya-yagi-kopya-jpeg-1.png\" alt=\"\" class=\"wp-image-899\" srcset=\"https:\/\/www.drnaturalist.com\/wp-content\/uploads\/2025\/06\/Sheya-yagi-kopya-jpeg-1.png 854w, https:\/\/www.drnaturalist.com\/wp-content\/uploads\/2025\/06\/Sheya-yagi-kopya-jpeg-1-274x300.png 274w, https:\/\/www.drnaturalist.com\/wp-content\/uploads\/2025\/06\/Sheya-yagi-kopya-jpeg-1-768x842.png 768w, https:\/\/www.drnaturalist.com\/wp-content\/uploads\/2025\/06\/Sheya-yagi-kopya-jpeg-1-575x630.png 575w, https:\/\/www.drnaturalist.com\/wp-content\/uploads\/2025\/06\/Sheya-yagi-kopya-jpeg-1-380x416.png 380w, https:\/\/www.drnaturalist.com\/wp-content\/uploads\/2025\/06\/Sheya-yagi-kopya-jpeg-1-420x460.png 420w, https:\/\/www.drnaturalist.com\/wp-content\/uploads\/2025\/06\/Sheya-yagi-kopya-jpeg-1-800x877.png 800w\" sizes=\"auto, (max-width: 854px) 100vw, 854px\" \/><\/figure>\n<\/div><\/div>\n<\/div><\/div>\n<\/div><\/div>\n\n\n\n<h4 class=\"wp-block-heading\">Shea Ya\u011f\u0131n\u0131n Cilde Sundu\u011fu Mucizevi Faydalar<\/h4>\n\n\n\n<p>Shea ya\u011f\u0131, i\u00e7eri\u011findeki zengin ya\u011f asitleri (oleik, stearik, linoleik), A, E ve F vitaminleri sayesinde cilt i\u00e7in adeta bir \u015fifa kayna\u011f\u0131d\u0131r. \u0130\u015fte shea ya\u011f\u0131n\u0131n cildinize sunabilece\u011fi baz\u0131 faydalar:<\/p>\n\n\n\n<ul class=\"wp-block-list\">\n<li><strong>Yo\u011fun Nemlendirme:<\/strong>&nbsp;Shea ya\u011f\u0131, cildin en derin katmanlar\u0131na n\u00fcfuz ederek uzun s\u00fcreli ve etkili bir nemlendirme sa\u011flar. \u00d6zellikle kuru, \u00e7atlam\u0131\u015f ve pul pul d\u00f6k\u00fclen ciltler i\u00e7in ideal bir nemlendiricidir.<\/li>\n\n\n\n<li><strong>Cilt Bariyerini G\u00fc\u00e7lendirme:<\/strong>&nbsp;\u0130\u00e7eri\u011findeki do\u011fal ya\u011flar, cildin koruyucu bariyerini onarmaya ve g\u00fc\u00e7lendirmeye yard\u0131mc\u0131 olur. Bu sayede cilt, d\u0131\u015f etkenlerin zararl\u0131 etkilerine kar\u015f\u0131 daha diren\u00e7li hale gelir.<\/li>\n\n\n\n<li><strong>\u0130ltihap Kar\u015f\u0131t\u0131 ve Yat\u0131\u015ft\u0131r\u0131c\u0131 \u00d6zellikler:<\/strong>&nbsp;Shea ya\u011f\u0131, ciltteki tahri\u015fi, k\u0131zar\u0131kl\u0131\u011f\u0131 ve iltihab\u0131 azaltmaya yard\u0131mc\u0131 olabilir. Egzama, sedef gibi cilt sorunlar\u0131n\u0131n semptomlar\u0131n\u0131 hafifletmede destekleyici olabilir.<\/li>\n\n\n\n<li><strong>Antioksidan Etki:<\/strong>&nbsp;A ve E vitaminleri g\u00fc\u00e7l\u00fc antioksidan \u00f6zelliklere sahiptir. Cildi serbest radikallerin zararl\u0131 etkilerinden koruyarak ya\u015flanma belirtilerinin (ince \u00e7izgiler, k\u0131r\u0131\u015f\u0131kl\u0131klar) olu\u015fumunu yava\u015flatmaya yard\u0131mc\u0131 olur.<\/li>\n\n\n\n<li><strong>Yara \u0130yile\u015fmesini H\u0131zland\u0131rma:<\/strong>&nbsp;Shea ya\u011f\u0131, cilt h\u00fccrelerinin yenilenmesini destekleyerek k\u00fc\u00e7\u00fck kesiklerin,s\u0131yr\u0131klar\u0131n, yara izlerinin ve \u00f6zellikle hamilelik \u00e7atlaklar\u0131n\u0131n g\u00f6r\u00fcn\u00fcm\u00fcn\u00fc iyile\u015ftirebilir.Yan\u0131klar\u0131n daha h\u0131zl\u0131 iyile\u015fmesine katk\u0131da bulunabilir.<\/li>\n\n\n\n<li><strong>Leke G\u00f6r\u00fcn\u00fcm\u00fcn\u00fc Hafifletme:<\/strong>&nbsp;D\u00fczenli kullan\u0131mda, cilt tonunu e\u015fitlemeye ve hiperpigmentasyon kaynakl\u0131 lekelerin g\u00f6r\u00fcn\u00fcm\u00fcn\u00fc hafifletmeye yard\u0131mc\u0131 olabilir.<\/li>\n\n\n\n<li><strong>Kolajen \u00dcretimini Destekleme:<\/strong>&nbsp;Cildin elastikiyetini art\u0131r\u0131r ve ya\u015flanma belirtileri olan ince \u00e7izgi ve k\u0131r\u0131\u015f\u0131kl\u0131klar\u0131n g\u00f6r\u00fcn\u00fcm\u00fcn\u00fc hafifletmeye yard\u0131mc\u0131 olur.<\/li>\n\n\n\n<li><strong>G\u00fcne\u015f Koruma:<\/strong>&nbsp;\u0130\u00e7eri\u011findeki hafif SPF (yakla\u015f\u0131k SPF 6) ile cildi UV \u0131\u015f\u0131nlar\u0131na kar\u015f\u0131 k\u0131smi bir koruma sa\u011flar. Ancak tek ba\u015f\u0131na g\u00fcne\u015f koruyucu olarak yeterli de\u011fildir.<\/li>\n\n\n\n<li><strong>Sa\u00e7 Bak\u0131m\u0131:<\/strong>&nbsp;Kuru ve y\u0131pranm\u0131\u015f sa\u00e7lar\u0131 besler, nemlendirir ve g\u00fc\u00e7lendirir. Sa\u00e7\u0131n elektriklenmesini azalt\u0131r, parlakl\u0131k verir ve sa\u00e7 derisindeki kurulu\u011fu ve pullanmay\u0131 gidermeye yard\u0131mc\u0131 olur. Sa\u00e7 k\u0131r\u0131lmalar\u0131n\u0131 azaltmaya ve sa\u00e7 uzamas\u0131n\u0131 desteklemeye de katk\u0131da bulunabilir.<\/li>\n\n\n\n<li><strong>Kas A\u011fr\u0131lar\u0131n\u0131 Hafifletme:<\/strong>&nbsp;A\u011fr\u0131 kesici \u00f6zellikleriyle kas ve eklem a\u011fr\u0131lar\u0131n\u0131n hafifletilmesine yard\u0131mc\u0131 olabilir<\/li>\n<\/ul>\n\n\n\n<div class=\"wp-block-group\"><div class=\"wp-block-group__inner-container is-layout-constrained wp-block-group-is-layout-constrained\">\n<div class=\"wp-block-group\"><div class=\"wp-block-group__inner-container is-layout-constrained wp-block-group-is-layout-constrained\">\n<div class=\"wp-block-group alignfull\"><div class=\"wp-block-group__inner-container is-layout-constrained wp-block-group-is-layout-constrained\">\n<figure class=\"wp-block-image alignwide is-style-default\"><img loading=\"lazy\" decoding=\"async\" width=\"936\" height=\"948\" src=\"https:\/\/www.drnaturalist.com\/wp-content\/uploads\/2025\/06\/Shea-elli-resim-1.png\" alt=\"\" class=\"wp-image-847\" srcset=\"https:\/\/www.drnaturalist.com\/wp-content\/uploads\/2025\/06\/Shea-elli-resim-1.png 936w, https:\/\/www.drnaturalist.com\/wp-content\/uploads\/2025\/06\/Shea-elli-resim-1-296x300.png 296w, https:\/\/www.drnaturalist.com\/wp-content\/uploads\/2025\/06\/Shea-elli-resim-1-768x778.png 768w, https:\/\/www.drnaturalist.com\/wp-content\/uploads\/2025\/06\/Shea-elli-resim-1-920x932.png 920w, https:\/\/www.drnaturalist.com\/wp-content\/uploads\/2025\/06\/Shea-elli-resim-1-575x582.png 575w, https:\/\/www.drnaturalist.com\/wp-content\/uploads\/2025\/06\/Shea-elli-resim-1-380x385.png 380w, https:\/\/www.drnaturalist.com\/wp-content\/uploads\/2025\/06\/Shea-elli-resim-1-420x425.png 420w, https:\/\/www.drnaturalist.com\/wp-content\/uploads\/2025\/06\/Shea-elli-resim-1-800x810.png 800w, https:\/\/www.drnaturalist.com\/wp-content\/uploads\/2025\/06\/Shea-elli-resim-1-100x100.png 100w\" sizes=\"auto, (max-width: 936px) 100vw, 936px\" \/><\/figure>\n<\/div><\/div>\n<\/div><\/div>\n<\/div><\/div>\n\n\n\n<h4 class=\"wp-block-heading\">Sa\u00e7 Bak\u0131m\u0131nda Shea Ya\u011f\u0131n\u0131n G\u00fcc\u00fc<\/h4>\n\n\n\n<p>Shea ya\u011f\u0131 sadece cilt i\u00e7in de\u011fil, sa\u00e7 sa\u011fl\u0131\u011f\u0131 i\u00e7in de say\u0131s\u0131z fayda sunar:<\/p>\n\n\n\n<ul class=\"wp-block-list\">\n<li><strong>Derinlemesine Nemlendirme:<\/strong>&nbsp;Kuru ve y\u0131pranm\u0131\u015f sa\u00e7lar\u0131 nemlendirir, kurulu\u011fu ve k\u0131r\u0131lmalar\u0131 \u00f6nler.<\/li>\n\n\n\n<li><strong>Sa\u00e7 Derisi Sa\u011fl\u0131\u011f\u0131n\u0131 Destekleme:<\/strong>&nbsp;Sa\u00e7 derisindeki kurulu\u011fu, ka\u015f\u0131nt\u0131y\u0131 ve pullanmay\u0131 gidermeye yard\u0131mc\u0131 olur. Antienflamatuar \u00f6zellikleri sayesinde sa\u00e7 derisi rahatlar.<\/li>\n\n\n\n<li><strong>Sa\u00e7a Parlakl\u0131k ve Yumu\u015fakl\u0131k Verme:<\/strong>&nbsp;Sa\u00e7 tellerini p\u00fcr\u00fczs\u00fczle\u015ftirerek do\u011fal bir parlakl\u0131k ve yumu\u015fakl\u0131k kazand\u0131r\u0131r.<\/li>\n\n\n\n<li><strong>Sa\u00e7 U\u00e7lar\u0131n\u0131 Onarma:<\/strong>&nbsp;K\u0131r\u0131k ve y\u0131pranm\u0131\u015f sa\u00e7 u\u00e7lar\u0131n\u0131n g\u00f6r\u00fcn\u00fcm\u00fcn\u00fc iyile\u015ftirmeye yard\u0131mc\u0131 olur.<\/li>\n\n\n\n<li><strong>Is\u0131 Hasar\u0131na Kar\u015f\u0131 Koruma:<\/strong>&nbsp;Sa\u00e7 \u015fekillendirme \u00f6ncesinde uyguland\u0131\u011f\u0131nda, sa\u00e7 tellerini \u0131s\u0131 kaynakl\u0131 hasara kar\u015f\u0131 bir miktar koruyabilir.<\/li>\n<\/ul>\n\n\n\n<div class=\"wp-block-group\"><div class=\"wp-block-group__inner-container is-layout-constrained wp-block-group-is-layout-constrained\">\n<div class=\"wp-block-group\"><div class=\"wp-block-group__inner-container is-layout-constrained wp-block-group-is-layout-constrained\"><div class=\"wp-block-image is-style-default\">\n<figure class=\"aligncenter\"><img loading=\"lazy\" decoding=\"async\" width=\"1024\" height=\"615\" src=\"https:\/\/www.drnaturalist.com\/wp-content\/uploads\/2025\/06\/sheya-yagi-sac-resmi-1.png\" alt=\"\" class=\"wp-image-848\" srcset=\"https:\/\/www.drnaturalist.com\/wp-content\/uploads\/2025\/06\/sheya-yagi-sac-resmi-1.png 1024w, https:\/\/www.drnaturalist.com\/wp-content\/uploads\/2025\/06\/sheya-yagi-sac-resmi-1-300x180.png 300w, https:\/\/www.drnaturalist.com\/wp-content\/uploads\/2025\/06\/sheya-yagi-sac-resmi-1-768x461.png 768w, https:\/\/www.drnaturalist.com\/wp-content\/uploads\/2025\/06\/sheya-yagi-sac-resmi-1-920x553.png 920w, https:\/\/www.drnaturalist.com\/wp-content\/uploads\/2025\/06\/sheya-yagi-sac-resmi-1-575x345.png 575w, https:\/\/www.drnaturalist.com\/wp-content\/uploads\/2025\/06\/sheya-yagi-sac-resmi-1-380x228.png 380w, https:\/\/www.drnaturalist.com\/wp-content\/uploads\/2025\/06\/sheya-yagi-sac-resmi-1-420x252.png 420w, https:\/\/www.drnaturalist.com\/wp-content\/uploads\/2025\/06\/sheya-yagi-sac-resmi-1-800x480.png 800w\" sizes=\"auto, (max-width: 1024px) 100vw, 1024px\" \/><\/figure>\n<\/div><\/div><\/div>\n<\/div><\/div>\n\n\n\n<h4 class=\"wp-block-heading\">Shea Ya\u011f\u0131 Nas\u0131l Kullan\u0131l\u0131r?<\/h4>\n\n\n\n<p>Shea ya\u011f\u0131n\u0131 g\u00fcnl\u00fck bak\u0131m rutininize kolayca dahil edebilirsiniz:<\/p>\n\n\n\n<ul class=\"wp-block-list\">\n<li><strong>Cilt \u0130\u00e7in:<\/strong>&nbsp;Bir miktar shea ya\u011f\u0131n\u0131 parmaklar\u0131n\u0131z aras\u0131nda \u0131s\u0131tarak eritin ve nemlendirmek istedi\u011finiz b\u00f6lgeye masaj yaparak uygulay\u0131n. \u00d6zellikle du\u015f sonras\u0131 hafif nemli cilde uygulamak, emilimini art\u0131racakt\u0131r. Kuru dirsekler, topuklar ve dudaklar i\u00e7in yo\u011fun bir nemlendirici olarak kullanabilirsiniz.<\/li>\n\n\n\n<li><strong>Sa\u00e7 \u0130\u00e7in:<\/strong>&nbsp;Sa\u00e7 maskesi olarak kullanmak i\u00e7in, eritti\u011finiz shea ya\u011f\u0131n\u0131 sa\u00e7 diplerinden u\u00e7lar\u0131na kadar uygulay\u0131n ve 30 dakika veya birka\u00e7 saat beklettikten sonra \u015fampuanla y\u0131kay\u0131n. G\u00fcnl\u00fck kullan\u0131m i\u00e7in ise, \u00e7ok az miktarda shea ya\u011f\u0131n\u0131 avu\u00e7lar\u0131n\u0131zda \u0131s\u0131t\u0131p sa\u00e7 u\u00e7lar\u0131n\u0131za uygulayarak elektriklenmeyi \u00f6nleyebilir ve parlakl\u0131k kazand\u0131rabilirsiniz.<\/li>\n<\/ul>\n\n\n\n<p>Shea ya\u011f\u0131, do\u011fan\u0131n bize sundu\u011fu de\u011ferli bir arma\u011fan olarak, cilt ve sa\u00e7 sa\u011fl\u0131\u011f\u0131m\u0131z\u0131 destekleyen \u00e7ok y\u00f6nl\u00fc bir do\u011fal \u00fcr\u00fcnd\u00fcr. G\u00fcnl\u00fck bak\u0131m rutininize shea ya\u011f\u0131n\u0131 dahil ederek, cildinizin ve sa\u00e7lar\u0131n\u0131z\u0131n do\u011fal \u0131\u015f\u0131lt\u0131s\u0131na kavu\u015fmas\u0131na yard\u0131mc\u0131 olabilirsiniz.<\/p>\n\n\n\n<h4 class=\"wp-block-heading\">Shea Ya\u011f\u0131 Nereden Temin Edilir?<\/h4>\n\n\n\n<p>Shea ya\u011f\u0131, eczaneler, kozmetik ma\u011fazalar\u0131, do\u011fal \u00fcr\u00fcn satan d\u00fckkanlar ve online al\u0131\u015fveri\u015f siteleri gibi bir\u00e7ok yerden temin edilebilir. M\u00fcmk\u00fcnse, i\u015flenmemi\u015f ve saf&nbsp;<strong>ham shea ya\u011f\u0131<\/strong>&nbsp;tercih etmek, besin de\u011ferlerinden tam olarak faydalanman\u0131z\u0131 sa\u011flar.<\/p>\n\n\n\n<p>Shea ya\u011f\u0131, do\u011fan\u0131n bize sundu\u011fu g\u00fc\u00e7l\u00fc bir nemlendirici ve besleyici i\u00e7eriktir. Cilt ve sa\u00e7 sa\u011fl\u0131\u011f\u0131n\u0131z i\u00e7in do\u011fal bir destek ar\u0131yorsan\u0131z, shea ya\u011f\u0131 harika bir se\u00e7enek olabilir. Shea ya\u011f\u0131n\u0131 g\u00fcnl\u00fck bak\u0131m rutininize dahil etmeyi d\u00fc\u015f\u00fcnd\u00fcn\u00fcz m\u00fc?<\/p>\n\n\n\n<h4 class=\"wp-block-heading\">Kaynak:<\/h4>\n\n\n\n<ul class=\"wp-block-list\">\n<li><strong>Aveeno \u2013 What Is Shea Butter &amp; Its Benefits For Skin:<\/strong>(<a href=\"https:\/\/www.aveeno.com\/journal\/what-shea-butter-5-skin-benefits-worth-knowing\" target=\"_blank\" rel=\"noreferrer noopener\">https:\/\/www.aveeno.com\/journal\/what-shea-butter-5-skin-benefits-worth-knowing<\/a>)<\/li>\n\n\n\n<li><strong>Healthline \u2013 What Is Shea Butter? 22 Benefits, Uses, and Products to Try:<\/strong>(<a href=\"https:\/\/www.healthline.com\/health\/beauty-skin-care\/what-is-shea-butter\" target=\"_blank\" rel=\"noreferrer noopener\">https:\/\/www.healthline.com\/health\/beauty-skin-care\/what-is-shea-butter<\/a>)<\/li>\n\n\n\n<li><strong>CORE \u2013 Medicinal and Nutritional Benefits from the Shea Tree- (Vitellaria Paradoxa):<\/strong>&nbsp;(<a href=\"https:\/\/core.ac.uk\/download\/pdf\/234662463.pdf\" target=\"_blank\" rel=\"noreferrer noopener\">https:\/\/core.ac.uk\/download\/pdf\/234662463.pdf<\/a>)<\/li>\n\n\n\n<li><strong>ResearchGate \u2013 Anti-Inflammatory Effects of Shea Butter through Inhibition of Inos, Cox-2, and Cytokines via the Nf-Kb Pathway in Lps-Activated J774 Macrophage Cells:<\/strong>&nbsp;(<a href=\"https:\/\/www.researchgate.net\/publication\/224006214_Anti-Inflammatory_Effects_of_Shea_Butter_through_Inhibition_of_Inos_Cox-2_and_Cytokines_via_the_Nf-Kb_Pathway_in_Lps-Activated_J774_Macrophage_Cells\" target=\"_blank\" rel=\"noreferrer noopener\">https:\/\/www.researchgate.net\/publication\/224006214_Anti-Inflammatory_Effects_of_Shea_Butter_through_Inhibition_of_Inos_Cox-2_and_Cytokines_via_the_Nf-Kb_Pathway_in_Lps-Activated_J774_Macrophage_Cells<\/a>)<\/li>\n\n\n\n<li><strong>Cleveland Clinic Health Essentials \u2013 6 Shea Butter Benefits for Skin:<\/strong>(<a href=\"https:\/\/health.clevelandclinic.org\/shea-butter-benefits\" target=\"_blank\" rel=\"noreferrer noopener\">https:\/\/health.clevelandclinic.org\/shea-butter-benefits<\/a>)<\/li>\n\n\n\n<li><strong>Healthline \u2013 What Is Shea Butter? 22 Benefits, Uses, and Products to Try:<\/strong>&nbsp;(<a href=\"https:\/\/www.healthline.com\/health\/beauty-skin-care\/what-is-shea-butter\" target=\"_blank\" rel=\"noreferrer noopener\">https:\/\/www.healthline.com\/health\/beauty-skin-care\/what-is-shea-butter<\/a>)<\/li>\n\n\n\n<li><strong>PubMed \u2013 Moisturizing and antioxidant factors of skin barrier restoring cream with shea butter, silkflo and vitamin E in human keratinocyte cells:<\/strong>&nbsp;(<a href=\"https:\/\/pubmed.ncbi.nlm.nih.gov\/39528438\/\" target=\"_blank\" rel=\"noreferrer noopener\">https:\/\/pubmed.ncbi.nlm.nih.gov\/39528438\/<\/a>)<\/li>\n\n\n\n<li><strong>MDPI \u2013 Effect of Refining and Fractionation Processes on Minor Components, Fatty Acids, Antioxidant and Antimicrobial Activities of Shea Butter:<\/strong>&nbsp;(<a href=\"https:\/\/www.mdpi.com\/2304-8158\/12\/8\/1626\" target=\"_blank\" rel=\"noreferrer noopener\">https:\/\/www.mdpi.com\/2304-8158\/12\/8\/1626<\/a>)<\/li>\n\n\n\n<li><strong>PMC \u2013 Trends in the Use of Botanicals in Anti-Aging Cosmetics:<\/strong>&nbsp;(<a href=\"https:\/\/pmc.ncbi.nlm.nih.gov\/articles\/PMC8230945\/\" target=\"_blank\" rel=\"noreferrer noopener\">https:\/\/pmc.ncbi.nlm.nih.gov\/articles\/PMC8230945\/<\/a>)<\/li>\n\n\n\n<li><strong>Healthline \u2013 Shea Butter for Hair: Raw, Hair Growth, and Natural Hair:<\/strong>&nbsp;(<a href=\"https:\/\/www.healthline.com\/health\/shea-butter-for-hair\" target=\"_blank\" rel=\"noreferrer noopener\">https:\/\/www.healthline.com\/health\/shea-butter-for-hair<\/a>)<\/li>\n\n\n\n<li><strong>Wellnesse \u2013 The Magical Effects of Shea Butter on Thick and Curly Hair:<\/strong>&nbsp;(<a href=\"https:\/\/wellnesse.com\/blogs\/all\/shea-butter-curly-hair\" target=\"_blank\" rel=\"noreferrer noopener\">https:\/\/wellnesse.com\/blogs\/all\/shea-butter-curly-hair<\/a>)<\/li>\n\n\n\n<li><strong>Academic Journals \u2013 Shea butter extraction technologies: Current status and future perspective:<\/strong>&nbsp;(<a href=\"https:\/\/academicjournals.org\/journal\/AJBR\/article-full-text-pdf\/BC101F860142\" target=\"_blank\" rel=\"noreferrer noopener\">https:\/\/academicjournals.org\/journal\/AJBR\/article-full-text-pdf\/BC101F860142<\/a>)<\/li>\n\n\n\n<li><strong>ResearchGate \u2013 An Ethnographic Study on Indigenous Shea Butter Extraction and the Use of the By-Products:<\/strong>(<a href=\"https:\/\/www.researchgate.net\/publication\/357398640_An_Ethnographic_Study_on_Indigenous_Shea_Butter_Extraction_and_the_Use_of_the_By-Products\" target=\"_blank\" rel=\"noreferrer noopener\">https:\/\/www.researchgate.net\/publication\/357398640_An_Ethnographic_Study_on_Indigenous_Shea_Butter_Extraction_and_the_Use_of_the_By-Products<\/a>)<\/li>\n<\/ul>\n\n\n\n<p>Bu kaynaklar, shea ya\u011f\u0131n\u0131n cilt ve sa\u00e7 sa\u011fl\u0131\u011f\u0131 \u00fczerindeki faydalar\u0131na ili\u015fkin genel kabul g\u00f6rm\u00fc\u015f bilimsel ve geleneksel bilgilerin bir \u00f6zetini sunmaktad\u0131r.<\/p>\n\n\n\n<p><strong>Dr.Kerim TURAN #Dr.Naturalist<\/strong><\/p>\n\n\n\n<p><\/p>\n","protected":false},"excerpt":{"rendered":"<p>Shea Ya\u011f\u0131 Y\u00fczy\u0131llard\u0131r bu b\u00f6lgenin insanlar\u0131 taraf\u0131ndan cilt ve sa\u00e7 bak\u0131m\u0131nda kullan\u0131lan bu do\u011fal ya\u011f, g\u00fcn\u00fcm\u00fczde t\u00fcm d\u00fcnyada pop\u00fclerlik kazanmaktad\u0131r, hatta baz\u0131 Afrika \u00fclkelerinde yemek pi\u015firmede bile kullan\u0131lan bu mucizevi [&hellip;]<\/p>\n","protected":false},"author":1,"featured_media":0,"parent":0,"menu_order":0,"comment_status":"closed","ping_status":"closed","template":"","meta":{"footnotes":""},"class_list":["post-785","page","type-page","status-publish","hentry"],"_links":{"self":[{"href":"https:\/\/www.drnaturalist.com\/index.php\/wp-json\/wp\/v2\/pages\/785","targetHints":{"allow":["GET"]}}],"collection":[{"href":"https:\/\/www.drnaturalist.com\/index.php\/wp-json\/wp\/v2\/pages"}],"about":[{"href":"https:\/\/www.drnaturalist.com\/index.php\/wp-json\/wp\/v2\/types\/page"}],"author":[{"embeddable":true,"href":"https:\/\/www.drnaturalist.com\/index.php\/wp-json\/wp\/v2\/users\/1"}],"replies":[{"embeddable":true,"href":"https:\/\/www.drnaturalist.com\/index.php\/wp-json\/wp\/v2\/comments?post=785"}],"version-history":[{"count":17,"href":"https:\/\/www.drnaturalist.com\/index.php\/wp-json\/wp\/v2\/pages\/785\/revisions"}],"predecessor-version":[{"id":949,"href":"https:\/\/www.drnaturalist.com\/index.php\/wp-json\/wp\/v2\/pages\/785\/revisions\/949"}],"wp:attachment":[{"href":"https:\/\/www.drnaturalist.com\/index.php\/wp-json\/wp\/v2\/media?parent=785"}],"curies":[{"name":"wp","href":"https:\/\/api.w.org\/{rel}","templated":true}]}}